{"id":5198,"date":"2010-09-09T19:57:04","date_gmt":"2010-09-09T17:57:04","guid":{"rendered":"https:\/\/bleuciel.lu\/passaparola\/abbonamento\/"},"modified":"2024-01-23T10:56:37","modified_gmt":"2024-01-23T09:56:37","slug":"sostegno","status":"publish","type":"page","link":"https:\/\/passaparola.info\/web\/sostegno\/","title":{"rendered":"Sostegno"},"content":{"rendered":"\n<div class=\"wp-block-columns\">\n<div class=\"wp-block-column\">\n<p>Poich\u00e9 la rivista cartacea non sar\u00e0 pi\u00f9 stampata, chi vorr\u00e0 sostenere le attivit\u00e0 culturali ed editoriali della nostra associazione senza scopo di lucro, potr\u00e0 farlo attraverso un dono.<\/p>\n\n\n\n<p><strong> <\/strong>Le coordinate restano le stesse, cambia solo la causale.<\/p>\n\n\n\n<p><\/p>\n\n\n\n<p>Per contattare l&#8217;ufficio abbonamenti:&nbsp;abbonamenti@passaparola.info<\/p>\n<\/div>\n\n\n\n<div class=\"wp-block-column\">\n<figure class=\"wp-block-image size-large\"><img  loading=\"lazy\"  width=\"1024\"  height=\"1024\"  src=\"data:image\/png;base64,iVBORw0KGgoAAAANSUhEUgAAAAEAAAABAQMAAAAl21bKAAAAA1BMVEUAAP+KeNJXAAAAAXRSTlMAQObYZgAAAAlwSFlzAAAOxAAADsQBlSsOGwAAAApJREFUCNdjYAAAAAIAAeIhvDMAAAAASUVORK5CYII=\"  alt=\"\"  class=\"wp-image-17413 pk-lazyload\"  data-pk-sizes=\"auto\"  data-ls-sizes=\"(max-width: 1024px) 100vw, 1024px\"  data-pk-src=\"https:\/\/passaparola.info\/web\/wp-content\/uploads\/2021\/12\/PagaConSatispay-BANNER-1024x1024.jpg\"  data-pk-srcset=\"https:\/\/passaparola.info\/web\/wp-content\/uploads\/2021\/12\/PagaConSatispay-BANNER-1024x1024.jpg 1024w, https:\/\/passaparola.info\/web\/wp-content\/uploads\/2021\/12\/PagaConSatispay-BANNER-300x300.jpg 300w, https:\/\/passaparola.info\/web\/wp-content\/uploads\/2021\/12\/PagaConSatispay-BANNER-150x150.jpg 150w, https:\/\/passaparola.info\/web\/wp-content\/uploads\/2021\/12\/PagaConSatispay-BANNER-768x768.jpg 768w, https:\/\/passaparola.info\/web\/wp-content\/uploads\/2021\/12\/PagaConSatispay-BANNER-1536x1536.jpg 1536w, https:\/\/passaparola.info\/web\/wp-content\/uploads\/2021\/12\/PagaConSatispay-BANNER-2048x2048.jpg 2048w, https:\/\/passaparola.info\/web\/wp-content\/uploads\/2021\/12\/PagaConSatispay-BANNER-80x80.jpg 80w, https:\/\/passaparola.info\/web\/wp-content\/uploads\/2021\/12\/PagaConSatispay-BANNER-800x800.jpg 800w, https:\/\/passaparola.info\/web\/wp-content\/uploads\/2021\/12\/PagaConSatispay-BANNER-1160x1160.jpg 1160w, https:\/\/passaparola.info\/web\/wp-content\/uploads\/2021\/12\/PagaConSatispay-BANNER.jpg 2245w\" ><\/figure>\n\n\n\n<div style=\"height:30px\" aria-hidden=\"true\" class=\"wp-block-spacer\"><\/div>\n\n\n\n<div class=\"wp-block-image\"><figure class=\"alignright size-large\"><img  loading=\"lazy\"  width=\"724\"  height=\"1024\"  src=\"data:image\/png;base64,iVBORw0KGgoAAAANSUhEUgAAAAEAAAABAQMAAAAl21bKAAAAA1BMVEUAAP+KeNJXAAAAAXRSTlMAQObYZgAAAAlwSFlzAAAOxAAADsQBlSsOGwAAAApJREFUCNdjYAAAAAIAAeIhvDMAAAAASUVORK5CYII=\"  alt=\"\"  class=\"wp-image-17409 pk-lazyload\"  data-pk-sizes=\"auto\"  data-ls-sizes=\"(max-width: 724px) 100vw, 724px\"  data-pk-src=\"https:\/\/passaparola.info\/web\/wp-content\/uploads\/2021\/12\/FR-724x1024.png\"  data-pk-srcset=\"https:\/\/passaparola.info\/web\/wp-content\/uploads\/2021\/12\/FR-724x1024.png 724w, https:\/\/passaparola.info\/web\/wp-content\/uploads\/2021\/12\/FR-212x300.png 212w, https:\/\/passaparola.info\/web\/wp-content\/uploads\/2021\/12\/FR-768x1086.png 768w, https:\/\/passaparola.info\/web\/wp-content\/uploads\/2021\/12\/FR-1086x1536.png 1086w, https:\/\/passaparola.info\/web\/wp-content\/uploads\/2021\/12\/FR-800x1132.png 800w, https:\/\/passaparola.info\/web\/wp-content\/uploads\/2021\/12\/FR-1160x1641.png 1160w, https:\/\/passaparola.info\/web\/wp-content\/uploads\/2021\/12\/FR.png 1414w\" ><\/figure><\/div>\n<\/div>\n<\/div>\n\n\n<p style=\"text-align: left;\">\u00a0<\/p>\n<p><b>Prezzo speciale per i soci della DIL (Degustatori Italiani Lussemburgo) &#8211; PROMOZIONE GIUNTA A TERMINE NEL GENNAIO 2023<\/b><\/p>\n<p>\u00a0<\/p>\n<p><b>Prezzo speciale per i soci della Dante Alighieri\u00a0 &#8211; PROMOZIONE GIUNTA A TERMINE NEL GENNAIO 2023<\/b><\/p>\n<hr \/>\n<h3 id=\"per-effettuare-un-bonifico\">Per effettuare un bonifico:<\/h3>\n<p>Intestazione: <strong>PassaParola asbl<\/strong><br \/>Causale: DONO-DONS-SOUTIEN<\/p>\n<p>IBAN: LU42 0019 1955 5203 5000 BIC: BCEELULL<br \/>IBAN: LU59 1111 2335 3556 0000 BIC: CCPLLULL<\/p>\n<hr \/>\n<h3 id=\"per-continuare-a-sostenere-le-attivita-culturali-di-passaparola-asbl-potete-donare-via-paypal-carta-di-credito-maestro\">Per continuare a sostenere le attivit\u00e0 culturali di PassaParola asbl, potete donare via Paypal\/Carta di credito\/Maestro:\u00a0<\/h3>\n<form action=\"https:\/\/www.paypal.com\/cgi-bin\/webscr\" method=\"post\" target=\"_top\"><input name=\"cmd\" type=\"hidden\" value=\"_s-xclick\" \/><br \/><input name=\"hosted_button_id\" type=\"hidden\" value=\"JVMLJJDLLAR28\" \/>\n<p>\u00a0<\/p>\n<table>\n<tbody>\n<tr>\n<td><input name=\"on0\" type=\"hidden\" value=\"Valido per un anno dalla data di sottoscrizione\" \/><br \/>Donazione libera<\/td>\n<\/tr>\n<tr>\n<td><select name=\"os0\">\n<option value=\"Standard (Lussemburgo e Francia)\">Standard (Lussemburgo e Francia) 25,00 EUR &#8211; anno\/i<\/option>\n<option value=\"Standard (Europa esclusa la Francia)\">Standard (Europa esclusa la Francia) 30,00 EUR &#8211; anno\/i<\/option>\n<option value=\"Sostenitore\">Sostenitore 50,00 EUR &#8211; anno\/i<\/option>\n<option value=\"Amico\">Amico 100,00 EUR &#8211; anno\/i<\/option>\n<option value=\"Societa Dante Alighieri\">Societa Dante Alighieri 15,00 EUR &#8211; anno\/i<\/option>\n<\/select><\/td>\n<\/tr>\n<\/tbody>\n<\/table>\n<p><input name=\"currency_code\" type=\"hidden\" value=\"EUR\" \/><br \/><input title=\"PayPal, il metodo semplice e sicuro per pagare online\" alt=\"Abbonati\" name=\"submit\" src=\"https:\/\/www.paypalobjects.com\/it_IT\/i\/btn\/btn_subscribe_LG.gif\" type=\"image\" \/><\/p>\n<\/form>","protected":false},"excerpt":{"rendered":"Poich\u00e9 la rivista cartacea non sar\u00e0 pi\u00f9 stampata, chi vorr\u00e0 sostenere le attivit\u00e0 culturali ed editoriali della nostra associazione senza scopo di lucro, potr\u00e0 farlo attraverso un dono. Le coordinate restano le stesse, cambia solo la causale. Per contattare l&#8217;ufficio&hellip;\n","protected":false},"author":2,"featured_media":0,"parent":0,"menu_order":0,"comment_status":"closed","ping_status":"closed","template":"","meta":{"_seopress_robots_primary_cat":"","_seopress_titles_title":"","_seopress_titles_desc":"","_seopress_robots_index":""},"_links":{"self":[{"href":"https:\/\/passaparola.info\/web\/wp-json\/wp\/v2\/pages\/5198"}],"collection":[{"href":"https:\/\/passaparola.info\/web\/wp-json\/wp\/v2\/pages"}],"about":[{"href":"https:\/\/passaparola.info\/web\/wp-json\/wp\/v2\/types\/page"}],"author":[{"embeddable":true,"href":"https:\/\/passaparola.info\/web\/wp-json\/wp\/v2\/users\/2"}],"replies":[{"embeddable":true,"href":"https:\/\/passaparola.info\/web\/wp-json\/wp\/v2\/comments?post=5198"}],"version-history":[{"count":18,"href":"https:\/\/passaparola.info\/web\/wp-json\/wp\/v2\/pages\/5198\/revisions"}],"predecessor-version":[{"id":26173,"href":"https:\/\/passaparola.info\/web\/wp-json\/wp\/v2\/pages\/5198\/revisions\/26173"}],"wp:attachment":[{"href":"https:\/\/passaparola.info\/web\/wp-json\/wp\/v2\/media?parent=5198"}],"curies":[{"name":"wp","href":"https:\/\/api.w.org\/{rel}","templated":true}]}}