{"id":29966,"date":"2025-03-03T11:58:23","date_gmt":"2025-03-03T10:58:23","guid":{"rendered":"https:\/\/passaparola.info\/web\/?page_id=29966"},"modified":"2025-03-04T16:45:07","modified_gmt":"2025-03-04T15:45:07","slug":"sin-consecuencias","status":"publish","type":"page","link":"https:\/\/passaparola.info\/web\/sin-consecuencias\/","title":{"rendered":"PassaParola Editions &#8211; Sin consecuencias"},"content":{"rendered":"\n<div style=\"height:25px\" aria-hidden=\"true\" class=\"wp-block-spacer\"><\/div>\n\n\n\n<h2 id=\"sin-consecuencias-historias-de-mujeres-combativas-y-de-la-musica-que-las-salvo\" class=\"has-white-color has-text-color has-background\" style=\"background-color:#eb343e\"><strong>Sin consecuencias.&nbsp;<\/strong><br>Historias de mujeres combativas y de la m\u00fasica que las salv\u00f3<\/h2>\n\n\n\n<div class=\"wp-block-columns\">\n<div class=\"wp-block-column\">\n<p><strong>di Gilda Luzzi (Autore)<\/strong><\/p>\n\n\n\n<p>Tiempo. Mujeres. La m\u00fasica. Tres olas que en No Consequence se persiguen, se entrecruzan, avanzan y se funden, adentrando al lector en las mareas de la vida. Nessuna conseguenza es la historia de muchas mujeres que luchan y no se rinden. Nessuna conseguenza es el resultado de su determinaci\u00f3n y resistencia, de su deseo de seguir adelante, a pesar de todo, gracias tambi\u00e9n a su m\u00fasica interior que a veces encuentra expresi\u00f3n, representaci\u00f3n, forma en la m\u00fasica de artistas -como Fiorella Mannoia- que van directas al coraz\u00f3n, hablando de necesidades aut\u00e9nticas que con demasiada frecuencia se silencian. Se cuentan historias de mujeres cuyo derecho a ser ellas mismas sigue siendo con demasiada frecuencia fr\u00e1gil, inestable, repudiado.<br>Pero este libro no es s\u00f3lo para mujeres. Es un libro para todos los seres humanos que se obstinan en elegir con la cabeza y el coraz\u00f3n la m\u00fasica que sostiene sus pasos en el Tiempo.<\/p>\n\n\n\n<p>Traduzione&nbsp;: Angelica Medici e Monica Varela (con il contributo di Gilda Luzzi, autrice)<\/p>\n\n\n\n<ul><li>ISBN-13 \u200f : \u200e&nbsp;979-1222775838<\/li><li>Data di pubblicazione 17\/02\/2025<\/li><li>Pagine: 94<\/li><li>Prezzo 15 euro pi\u00f9 spedizione<\/li><\/ul>\n\n\n\n<form action=\"https:\/\/www.paypal.com\/cgi-bin\/webscr\" method=\"post\" target=\"_blank\">\n  <input type=\"hidden\" name=\"cmd\" value=\"_s-xclick\" \/>\n  <input type=\"hidden\" name=\"hosted_button_id\" value=\"NSADG5VJJHSHL\" \/>\n  <table>\n    <tr>\n      <td>\n        <input type=\"hidden\" name=\"on0\" value=\"Prix du livre + Livraison\"\/>\n        Prix du livre + Livraison\n      <\/td>\n    <\/tr>\n    <tr>\n      <td>\n        <select name=\"os0\">\n          <option value=\"Luxembourg\">\n            Luxembourg 15,50 \u20ac EUR\n          <\/option>\n          <option value=\"Europe\">\n            Europe 18,50 \u20ac EUR\n          <\/option>\n        <\/select>\n      <\/td>\n    <\/tr>\n  <\/table>\n  <input type=\"hidden\" name=\"currency_code\" value=\"EUR\" \/>\n  <input type=\"image\" src=\"https:\/\/www.paypalobjects.com\/fr_FR\/i\/btn\/btn_cart_SM.gif\" border=\"0\" name=\"submit\" title=\"PayPal, votre r\u00e9flexe s\u00e9curit\u00e9 pour payer en ligne.\" alt=\"Ajouter au panier\" \/>\n<\/form>\n<\/div>\n\n\n\n<div class=\"wp-block-column\">\n<figure class=\"wp-block-image size-large\"><img  loading=\"lazy\"  width=\"536\"  height=\"750\"  src=\"data:image\/png;base64,iVBORw0KGgoAAAANSUhEUgAAAAEAAAABAQMAAAAl21bKAAAAA1BMVEUAAP+KeNJXAAAAAXRSTlMAQObYZgAAAAlwSFlzAAAOxAAADsQBlSsOGwAAAApJREFUCNdjYAAAAAIAAeIhvDMAAAAASUVORK5CYII=\"  alt=\"\"  class=\"wp-image-29967 pk-lazyload\"  data-pk-sizes=\"auto\"  data-ls-sizes=\"(max-width: 536px) 100vw, 536px\"  data-pk-src=\"https:\/\/passaparola.info\/web\/wp-content\/uploads\/2025\/03\/sin-consecuencias.jpg\"  data-pk-srcset=\"https:\/\/passaparola.info\/web\/wp-content\/uploads\/2025\/03\/sin-consecuencias.jpg 536w, https:\/\/passaparola.info\/web\/wp-content\/uploads\/2025\/03\/sin-consecuencias-214x300.jpg 214w\" ><\/figure>\n<\/div>\n<\/div>\n","protected":false},"excerpt":{"rendered":"Sin consecuencias.&nbsp;Historias de mujeres combativas y de la m\u00fasica que las salv\u00f3 di Gilda Luzzi (Autore) Tiempo. Mujeres. La m\u00fasica. Tres olas que en No Consequence se persiguen, se entrecruzan, avanzan y se funden, adentrando al lector en las mareas&hellip;\n","protected":false},"author":16,"featured_media":0,"parent":0,"menu_order":0,"comment_status":"closed","ping_status":"closed","template":"","meta":{"_seopress_robots_primary_cat":"","_seopress_titles_title":"","_seopress_titles_desc":"","_seopress_robots_index":""},"_links":{"self":[{"href":"https:\/\/passaparola.info\/web\/wp-json\/wp\/v2\/pages\/29966"}],"collection":[{"href":"https:\/\/passaparola.info\/web\/wp-json\/wp\/v2\/pages"}],"about":[{"href":"https:\/\/passaparola.info\/web\/wp-json\/wp\/v2\/types\/page"}],"author":[{"embeddable":true,"href":"https:\/\/passaparola.info\/web\/wp-json\/wp\/v2\/users\/16"}],"replies":[{"embeddable":true,"href":"https:\/\/passaparola.info\/web\/wp-json\/wp\/v2\/comments?post=29966"}],"version-history":[{"count":5,"href":"https:\/\/passaparola.info\/web\/wp-json\/wp\/v2\/pages\/29966\/revisions"}],"predecessor-version":[{"id":30018,"href":"https:\/\/passaparola.info\/web\/wp-json\/wp\/v2\/pages\/29966\/revisions\/30018"}],"wp:attachment":[{"href":"https:\/\/passaparola.info\/web\/wp-json\/wp\/v2\/media?parent=29966"}],"curies":[{"name":"wp","href":"https:\/\/api.w.org\/{rel}","templated":true}]}}